t m be 0 + 1 - (-5 + 3). Let f = 0 + m. Suppose f*o = -4*v + 50, 9 = -5*o - 1. What is the tens digit of v?
1
Let p be (2 - 1)/((-3)/(-45)). Let d(q) = 7*q - 1. Let x be d(-1). Let l = p + x. What is the units digit of l?
7
Suppose 3*p = -0*p + 24. What is the units digit of p?
8
Let y = 13 - 4. Suppose -r + y = -7. What is the tens digit of r?
1
Suppose 5*h - 15 = 5. Let c = h - 6. What is the units digit of 2/(-2)*(0 + c)?
2
Suppose 0 = 5*g - 5*i - 565, -4*g + 2*g - i + 232 = 0. What is the hundreds digit of g?
1
Let m(d) = d**2 + 2*d - 3. What is the tens digit of m(-6)?
2
What is the units digit of 4/10 - 54/(-15)?
4
Let b = -8 - -2. Let z = 6 + b. Suppose -2*q + 2*o + 18 = 0, z = 4*q - 0*o + 5*o - 18. What is the units digit of q?
7
Suppose 3*l + 85 - 375 = 5*a, 2*a = 3*l - 296. Suppose 0 = 3*c + c - l. Let g = -14 + c. What is the units digit of g?
1
Let f = 6 - 3. Let d(k) = 6*k - 3. What is the tens digit of d(f)?
1
Let g be ((-4)/6)/((-2)/6). Suppose -m + 4*n + 4 = 0, 0*m + g*n + 2 = 2*m. Suppose 10 = 4*q - 2*h, m*q = q + 5*h + 14. What is the units digit of q?
1
Suppose 0 = 14*f - 5*f - 567. What is the tens digit of f?
6
Suppose i - 15 = -5. Suppose -7*z = -i*z + 105. What is the units digit of z?
5
Let k = 2 - -5. Suppose 4*f - k = 33. What is the units digit of f?
0
Let m(b) be the second derivative of -b**5/20 + b**4/2 + 2*b**3/3 + b. What is the tens digit of m(6)?
2
Suppose 495 = -2*q + 7*q. What is the units digit of q?
9
Suppose -6*h + 3*h = -150. Suppose 0 = -2*k + h - 0. Suppose -2*i + k = -1. What is the tens digit of i?
1
Let o = 6 + -2. Suppose 0 = j + o*j. Suppose -4*m + 12 + 4 = j. What is the units digit of m?
4
Let x be 12/2*-3 - 2. Let j = -10 - x. Let v = 18 - j. What is the units digit of v?
8
Let d(z) = 4*z + 3. Let u be d(-3). Let k = u + 6. Let j = k + 12. What is the units digit of j?
9
Let m = 0 + 2. Suppose 4*d - 3 = i - 23, -i + 16 = -m*d. Suppose -5*n - 3*z = -10 - 10, 3*n + 2*z - i = 0. What is the units digit of n?
4
Let s(b) = -1 + b + 2 + 2*b**2 - 3*b + b**3. What is the tens digit of s(2)?
1
Suppose -772 = -8*c - 36. What is the tens digit of c?
9
Suppose 9*k = 1350 - 27. What is the units digit of k?
7
Let s(g) = -3 - g - 4*g - 2*g - g**2 + g. What is the units digit of s(-3)?
6
Let u = 165 - 90. Suppose 0 = -4*b + p - 3*p + 126, 3*b - 5*p = u. What is the units digit of b?
0
Let r(v) = -v**2 + 7*v - 1. Suppose c = 7 - 1. Let g be r(c). Suppose 0*z = 5*m - 2*z - 14, 4*m - 31 = -g*z. What is the units digit of m?
4
Suppose -i + 3*n + 53 = 0, -2*n = -0*i + 2*i - 146. What is the tens digit of i?
6
Suppose -4*i + 8 = 2*b, 2*i - 3*i + 2*b - 8 = 0. Let r be (-2)/(-3)*(-33)/(-2). Let g = i + r. What is the units digit of g?
1
Let b = 13 - 22. Let j(n) = -n**2 - 8*n + 11. Let d be j(b). Let i = d + 0. What is the units digit of i?
2
Let f be -2 + (116 - (-3)/3). Suppose 4*i = -i + f. Suppose 4*r - i = -3*k, 0*k + 20 = 2*k - 2*r. What is the units digit of k?
9
Suppose 0*m + 6 = 2*m. Suppose -m*r = -4*r, -4*u = 5*r - 32. What is the units digit of (-3)/(-12) + 62/u?
8
Suppose 4*a = 54 - 14. Suppose -3*u + 2 + a = 0, -3*u + 4 = 4*g. Let d(j) = j**3 + 4*j**2 - 2. What is the units digit of d(g)?
6
Let f(u) = 293*u**3 + 8*u - 7. What is the tens digit of f(1)?
9
Let b be 14/(-4)*(0 - 2). Suppose b*v - 55 = 2*v. What is the tens digit of v?
1
Let d(j) = -j**3 - 8*j**2 - 11*j - 8. What is the units digit of d(-9)?
2
Let v(w) = w**3 - 11*w**2 + 11*w. Let i be v(8). What is the tens digit of i/(-4) - (4 + -2)?
2
Let m(h) be the second derivative of -h**3/6 - 2*h**2 - h. Let g be m(-4). Suppose -8 = -5*u - s, -5*u + s + g = -12. What is the units digit of u?
2
Let z(k) = k**2 - 2*k - 1. Let d be (3/(-9))/((-1)/9). Let g be z(d). What is the tens digit of g*(11/2 - 0)?
1
What is the units digit of ((-20)/8 - -2) + 29/2?
4
Let g = 15 - 22. Let h(l) = l**2 + 4*l - 10. Let i be h(g). Let o = -7 + i. What is the units digit of o?
4
Suppose -2*g + 252 + 26 = 0. What is the hundreds digit of g?
1
Suppose -5*t - 4*n = -6, 2*t = -5*n + 6*n + 5. Suppose 4*f - 54 = t*f. What is the units digit of f?
7
Let u = -48 + 96. Suppose 4*w + 0*w = u. What is the tens digit of w?
1
Let i be (0 - -2 - 0) + -4. Let r = i + -2. What is the units digit of (-26)/r - (-2)/(-4)?
6
Suppose 3*a = 2*b - 150 - 421, -1138 = -4*b + 2*a. What is the hundreds digit of b?
2
What is the units digit of (-18)/27 - 50/(-3)?
6
Suppose z + 2*z - 12 = 0. Suppose -z*p = p - 15. What is the units digit of p?
3
Let i(c) = 2*c + 3. What is the units digit of i(5)?
3
Let x(h) = 5*h - 15. What is the tens digit of x(7)?
2
Let u(d) = d - 17. Let m be u(12). Let y(r) = -2*r - 6. What is the units digit of y(m)?
4
What is the tens digit of (-7)/(28/(-8)) + (-3 - -60)?
5
Let m(o) = -o**3 - 26*o**2 + 11*o - 23. What is the tens digit of m(-27)?
0
Suppose 6*t = 12*t - 2430. What is the tens digit of t?
0
Let j(z) = z**2 - 1. Let c be j(-2). Let i = 2 - c. Let h(y) = -3*y**3 - y - 1. What is the units digit of h(i)?
3
Suppose 5*v + 7 = 82. What is the tens digit of v?
1
Suppose 4*a - a - 24 = 0. What is the units digit of a?
8
Let o = -8 + 6. Let v be (-21)/3 - 2/o. What is the units digit of ((-2)/(-3))/((-4)/v)?
1
Let x = -4 - 0. Let u(q) = -q**2 - 6*q - 3. Let h be u(x). Let r(f) = f**3 - 6*f**2 + 5*f + 3. What is the units digit of r(h)?
3
Let j = 12 + -10. Suppose -17 = -j*z + 31. What is the units digit of z?
4
Suppose -3*z + 68 = 4*b, 5*b = 2*b - 5*z + 40. What is the units digit of b?
0
Let a(w) be the first derivative of w**3/3 - 3*w**2 + 3*w - 5. What is the tens digit of a(8)?
1
Let r be (18/4)/((-1)/(-2)). Let z be -1 + (0 - 3/1). What is the units digit of (3 - r)/(z/2)?
3
Let o(y) = y**3 - 14*y**2 - y + 16. Let g be o(14). Suppose g*d - 4*b - 24 = -8*b, -5*d + 60 = -3*b. What is the tens digit of d?
1
Let z be 0 + 4 + (0 - 0). What is the tens digit of z*4/16 - -34?
3
Suppose -m = 2*m - 18. Suppose h + 15 = -5*s, s + 3*h + 27 = -2*h. Let a = s + m. What is the units digit of a?
4
Let z be ((-4)/(-10))/((-5)/25). What is the units digit of 464/18 - z/9?
6
Suppose 0*p + 2*p - 196 = 0. Suppose 8*m - 3*m = -3*c + p, -2*c - 5*m = -62. Suppose c = 4*x - x. What is the tens digit of x?
1
Let d = -38 - -65. What is the tens digit of d?
2
Let l = -25 - -90. What is the tens digit of l?
6
Suppose -33*h + 630 = -30*h. What is the tens digit of h?
1
Suppose 5*f = 4*f + 10. Let k(x) = -x**3 + 9*x**2 + 10*x + 5. Let y be k(f). Suppose 2*v = y*v - 57. What is the tens digit of v?
1
Let y(i) = 5*i. Let b be y(1). Let z = 7 - b. What is the units digit of (-15)/z*(-12)/10?
9
Suppose 0 = 2*a - 5*z - 229, 2*a + 0*z + 3*z = 189. Suppose -54 = -3*s + 3*d, -4*s + a = 5*d + 21. What is the tens digit of s?
1
Let b = -8 + 32. What is the units digit of b?
4
Suppose 3*h + 2 = 11. Suppose h*y + 3 = 2*i - 3, -4*i - 4*y = -32. Suppose i = 3*a - 9. What is the units digit of a?
5
Suppose -3*g + g = 0. Suppose 4*c - r - 19 = -g, 4*c - 4*r - 16 = 0. Suppose -l = -c*p - 3, 4*l + 2*p - 96 = -l. What is the tens digit of l?
1
Let o = -52 - -34. Let i = -11 - o. What is the units digit of i?
7
Let p(x) = -x**3 + 4*x**2 + 7*x - 5. Suppose 0 = -0*b + b + d - 13, -6 = -3*d. Let c = -6 + b. What is the units digit of p(c)?
5
Let x be ((-27)/15)/((-2)/10). What is the tens digit of (-28)/(-3) - (-6)/x?
1
Let n(l) = l**2 - 2*l - 2. What is the units digit of n(-5)?
3
Let k(z) = z**3 + 8*z**2 - 5*z + 19. What is the tens digit of k(-8)?
5
What is the units digit of 56 - (3 + 9)/3?
2
Suppose a - 5*l = -3*a + 21, -2*a = 5*l - 3. Suppose a*k - 24 = -0*k. What is the units digit of k?
6
Let h(k) = -3*k**3 + k + 3 - 2*k + 2*k**3. Let v be h(0). Suppose m = 5*i - 23, v = -m + i - 0. What is the units digit of m?
2
Let p be -2*1/(1 - 2). Let a be ((-3)/p)/((-6)/8). Suppose 5*w - a*n = 34, 2*w - 10 = -0*w - n. What is the units digit of w?
6
Suppose 13 = 2*n - w, -w = 5*n - 5 - 10. Suppose -20 = -n*j + 8*j. Let y(c) = c**3 + 7*c**2 + 7*c + 1. What is the tens digit of y(j)?
1
Let x = 12 + -21. Let a = x + 22. What is the units digit of a?
3
Let m(c) = c**2 - c. Let r be m(-2). Let a(q) = -q + 8. Let l be a(r). Suppose x + 14 = 3*w, 14 + l = 4*x. What is the units digit of w?
6
Let x be 3/(-9) - (-6)/(-